 - (1 - -17)) + -34.
4
(-1 - (-2 - -2)) + (18 - 2)
15
What is the value of (1 - 4) + (-5 - -4) - (-62 - -54)?
4
-2 + -15 + 23 - (10 - 1)
-3
What is -128 - -125 - (7 - (0 - 2))?
-12
What is 55 + 21 + -29 + -21?
26
What is -10 + 0 - (-3 + -18 - (-4 - -5))?
12
(-10 - -2) + (25 + -2 - (-43 + 57))
1
What is -9 - (-19 + 8 - (-2 - 12))?
-12
Evaluate -28 - (-17 - -14 - 23).
-2
Evaluate (24 - (-11 + 37)) + -1 + 2.
-1
What is 7 - -1 - (16 - 22)?
14
Evaluate 0 + -11 + 9 + -1 - -6.
3
-5 + (28 + 0 - 8 - 10)
5
What is 110 + -117 - (-3 + 17)?
-21
What is (2 - (7 - 8)) + -9 + 2?
-4
What is ((13 - 3 - 1) + 1 - 10) + 0?
0
What is (-63 - -76) + 2 + -25?
-10
(1 - -14) + -2 - 11
2
Calculate -1 + 1 - 0 - (70 + -164 - -82).
12
Calculate 19 + -22 - -4 - -5 - (-1 + 16).
-9
What is the value of (0 - (29 - 0)) + 106 + -90 + -8?
-21
Calculate (0 - 0) + (5 - (-9 + 1)).
13
What is -252 + 294 - (-1 + 24)?
19
What is the value of -17 + 13 + 3 - (1 - 1)?
-1
Evaluate 1 - 12 - 3 - -14.
0
Calculate -11 - (16 + -6 - 6 - (-21 - -25)).
-11
What is -24 + (11 - (3 - 1 - 4))?
-11
Calculate (-44 - -20) + 33 - 34.
-25
What is 8 + 0 + 5 + -7 + -16?
-10
What is the value of (-49 - (31 + -48)) + 15?
-17
Evaluate 7 - ((-5 + 5 - -1) + 2) - -2.
6
What is (0 - 0) + (317 - 332) - (8 - -3)?
-26
-14 + (20 - 35) + 13 + -2 + 2
-16
Evaluate 4 - (16 + 5 + (-7 - -9) - -2).
-21
What is the value of 10 - ((1 - 1) + 35 + -10)?
-15
Calculate (-87 - -95) + (1 - 4) - (10 + -3).
-2
Calculate 19 + -2 - 2 - (65 + (-143 - -71)).
22
Evaluate -202 + 198 + (0 - -1) + -5.
-8
What is the value of 30 + -11 + (5 - 23) + -7?
-6
Evaluate 89 + -112 - (-2 - (0 - 0) - 1).
-20
What is the value of 1 + -27 + 5 + 3?
-18
What is (4 - (3 - (17 + -7 + -7))) + -19?
-15
What is 207 - 225 - (-26 - 3)?
11
What is the value of (-25 - -6) + 8 + 56 + -6 + -7?
32
What is the value of (-31 - ((-13 - -10) + -1)) + 9?
-18
6 + 9 + (0 - (14 + -4)) + 10
15
Evaluate (6 + -17 - 2) + 16.
3
What is 1 + -4 + (-12 - -9) - (-2 + 10)?
-14
Evaluate 25 - (-10 + -13 + 34).
14
Calculate 13 + (-4 - 1) - (13 - 1).
-4
What is the value of -17 + 14 + 26 - 28?
-5
(-1 - 2) + -2 - (105 + -115)
5
(25 - (2 - -11)) + (-1 - -8)
19
(303 - 287) + (-1 - 12)
3
What is -40 + 23 - -20 - (-1 + 23)?
-19
Evaluate -11 - 0 - (50 - 52).
-9
What is 8 + 0 + -4 + -6 + -1?
-3
What is the value of 1 - 24 - (1347 - 1338)?
-32
Calculate (17 - (0 + -1) - (-86 - -84)) + -3.
17
Calculate 3 + -5 + 3 + -14 + 2.
-11
Evaluate 8 - ((-61 - -29) + 29).
11
Evaluate 5 - ((-26 - -1) + (10 - 7)).
27
Calculate (-8 - -11) + (3 + (-19 - 6) - -1).
-18
Evaluate 2 + -41 - -1 - (-937 - -924).
-25
Calculate -48 + 50 + (-4 - 1) + -2.
-5
Calculate (25 - ((0 - -3) + -2)) + -340 + 339.
23
Calculate -6 - (-4 - -1 - (9 + -14)).
-8
Evaluate (-1 + 12 - (1 - -4)) + (-17 - -6).
-5
What is the value of 28 + (-50 - (-47 + 16))?
9
10 + 0 - (30 - 29 - -8)
1
Calculate (7 + -9 - -1) + -13 + 5 - 23.
-32
Calculate 3 + (3 - 2) + (2 - 7).
-1
Evaluate -15 + 7 + 19 + (-2 - 2).
7
Evaluate -2 + 12 + 1 + (3 - 7 - 3).
4
Calculate 0 - -17 - (146 + -148).
19
What is the value of -37 - (-30 + -3) - 13?
-17
What is the value of 8 + (14 - ((11 - -31) + -3))?
-17
-8 + -13 + 24 - (2 + 5)
-4
Calculate -16 + 12 + -24 + 1 + 16.
-11
What is 11 - (14 - 19 - -8)?
8
What is (48 - 47) + (1 - (6 + -4))?
0
What is -16 - (3 + -3 - -1) - -5?
-12
-5 + (6 - 1 - 2 - 5) + 0
-7
Evaluate (-8 - -11) + (-6 - -13 - 10).
0
Evaluate 1 + -10 + 4 + -3 + -7.
-15
Calculate -9 - (-9 - -6) - (0 + 0).
-6
Evaluate -16 + (19 - (-7 + 11)).
-1
Evaluate 16 + -14 + -6 + 17 - (1 + -10).
22
What is the value of 12 + 0 + (166 - 166)?
12
What is the value of (-5 - (-1 - (2 + -11))) + (-122 - -120)?
-15
(1 - -5) + (4 + 0 - (100 + -85))
-5
Evaluate (-2 - (6 - 11)) + -3 + 4.
4
What is the value of -4 - (0 - 4) - (-12 - (4 - 8))?
8
Calculate -25 + (-27 - -25) - (-6 - -2).
-23
Calculate 1143 - 1140 - (30 + -1).
-26
(38 - 19) + -31 + 18
6
Calculate 2 + -33 - (884 + -902).
-13
Evaluate 3 + 0 - (-16 + 10 - -3).
6
Evaluate -16 - (-13 + 22 + -18).
-7
Calculate (-20 + 14 - -6) + -11.
-11
Calculate -10 - (-22 - (-24 + 8)).
-4
Calculate -5 + ((-1 - 0) + (192 - 192) - 12).
-18
(-127 - -114) + (0 - -15) + -24
-22
Calculate 7 - -1 - (17 + (13 - 24)) - -16.
18
What is -26 + 31 - -4 - 9?
0
(5 - (-32 - -46)) + (-8 - -2)
-15
Calculate -3 + 1 + -18 + (-43 - -50).
-13
-75 + 74 + (-1 - (3 + 17))
-22
What is -2 + (6 - -8 - 15) - (3 + 8)?
-14
What is the value of (3 - 0) + 1 - (2 - 4)?
6
-4 + (-18 - -52 - 11)
19
-22 - (-26 - (20 + -23))
1
Evaluate 46 - 44 - (15 + 9).
-22
26 + 5 + -19 - 26
-14
What is (10 - 15 - 2) + 5?
-2
Calculate (-57 - -64) + (0 - 13) - -19.
13
Evaluate 61 + -68 + 14 + 1 - (-24 + 19).
13
What is 4 + -19 + 24 + 20 + -5?
24
What is (-5 - (0 + 1)) + (7 - 4)?
-3
Calculate 8 + (-7 - (9 + -7 + -2)) - 19.
-18
What is 6 + -10 + (0 - 4)?
-8
What is the value of -4 - -6 - (0 + -1) - -4 - 0?
7
Calculate -2031 + 2051 + (-3 - -1).
18
1 + -15 + -17 + 13
-18
What is (-3 + 4 - ((-2 - -4) + -9)) + -21?
-13
What is the value of -11 + 7 + -5 - (-25 - -22)?
-6
What is 0 + (-4 - (0 - -9 - 9)) + -3?
-7
Evaluate -19 - -29 - 5 - (-15 - 0).
20
6 + (39 - 6 - -1) + -4 + -7
29
-9 - ((-5 - 1) + -29 + 35)
-9
What is the value of (37 - 37 - 13) + -19?
-32
Evaluate -26 - (1 - (-2 - -14)).
-15
Calculate -17 + 1 - (252 - 274).
6
What is the value of 36 + -75 + 5 - -5?
-29
Evaluate 0 + -10 + 8 + 22 + -7 + -1.
12
3 + 3 + -7 + 8 - 1
6
What is the value of 6 - ((2 - 8) + 1 - -1)?
10
What is 3 - (13 - (44 + -11))?
23
What is the value of -13 + 3 + 27 - (1 + -2 + -1)?
19
Calculate -17 + -19 + 32 - (3 - -1).
-8
What is the value of -49 + 39 + (4 + -1 - 14)?
-21
What is 22 - (27 - 34 - -54)?
-25
What is the value of (-7 - (-1 + -4)) + 24 + -6 - 4?
12
What is the value of 6 - ((-5 - -5) + (-8 - 0))?
14
Calculate 1 - -17 - (-4 + 38 - 19).
3
What is the value of 20 - (3 + -39 + 20)?
36
Evaluate (6 - -6) + 17 + -18.
11
Evaluate (-33 - ((5 - -3) + -20)) + 5.
-16
Evaluate -5 + -1 + (33 - (12 - -32)).
-17
Evaluate -1 + 40 - (719 + -688).
8
What is the value of 0 - (-16 - (-23 - -17))?
10
Evaluate (-12 + 30 - 13) + (-4 - -12).
13
What is 4 + (10 - (-3 - -2) - -13)?
28
What is the value of 10 + -16 - 2 - (-3 - 2)?
-3
Calculate 2 - (-1 - 1 - -3) - (-73 + 56).
18
Calculate -7 + -1 - (198 + -188 - (12 + 2)).
-4
What is the value of (-7 - (-7 - -1)) + 7 + (0 - 9)?
-3
What is the value of 57 + -3 + -64 - (1 + -5)?
-6
3 + (3 + 14 - 6)
14
What is the value of 53 + -1 + -38 + (-1 - (1 + 1))?
11
Evaluate 0 + -1 - (-4 - (-36 + 28)).
-5
-11 - (1 + (2 - 5))
-9
What is -11 - (-1 + -2) - (-3 - -7)?
-12
Calculate (-1 + (0 - 3) - (59 + -53)) + 2.
-8
Evaluate -6 - (-4 - (-10 - -21)).
9
What is the value of -13 - (6 + -14) - -4?
-1
What is the value of -11 + 22 + -3 + 0 + 5?
13
What is the value of -9 - (5 + -7 + 3 + -2)?
-8
Calculate (7 - -1) + 0 + 5 + 3.
16
What is the value of (3 + -6 - -2 - -3) + 5?
7
Calculate (30 - 11) + (3 - -4) + (-7 - -10).
29
Calculate 7 - (-10 - (31 + (9 - (-11 - -29)))).
39
What is the value of -1 - -2 - ((5 - -3) + -6 + 14)?
-15
Evaluate 13 + (-7 - -32 - 39).
-1
Calculate (12 - 1) + (3 - 51 - -34).
-3
Calculate (4 - -11 - 10) + (0 - (-3 - -8)).
0
Evaluate 15 - (8 - 5) - (-2 + (31 - 8)).
-9
Evaluate -5 + -7 + 21 + 12.
21
What is the value of 1 - (-4 - -3) - (7 - (-8 - -4))?
-9
What is 25 + (46 - (24 + 20)) + -10 + 0?
17
0 - (-14 - (-4 + -13)) - -16
13
Calculate -32 + (24 - 2 - 5).
-15
What is 3 - (-2 - -15) - (-26 + (-1 - -31))?
-14
What is 8 + -10 + 13 + -12?
-1
(0 - (7 - 5) - -9) + -6 - 2
-1
What is the value of 28 + (21 + -68 - -24)?
5
What is the value of 5 - (3 + 4 - (-8 + -7 + 15))?
-2
What is 2 + -34 + -3 + (7 - (-2 + 2))?
-28
What is the value of 5 + -39 - ((7 - (11 + -9)) + -6)?
-33
-142 + 149 + (25 - 1) + 1 + 3
35
10 + (3 - -8) + -11 + 6
16
Calculate 10 - -28 - 6 - 33.
-1
-10 - (-1 - -19 - (-49 - -58))
-19
Calculate -5 + 64 + (77 - 113).
23
Calculate 5 - ((9 - -5) + -6).
-3
What is 20 + -11 + (-3 + 0 - 1) + -2?
3
Evaluate -11 + (-7 + 1 - (-80 + 87) - -3).
-21
Calculate -13 + (6 - (-2 - 12)).
7
Evaluate 2 + -5 + (9 - 5) + (-5 - -2).
-2
Evaluate (-4 - -1) + -16 - -6.
-13
11 + -15 + -4 - -19
11
Calculate -1 - -13 - (2 + 17 + -12 + -5).
10
What is the value of (-13 - (-14 - -6)) + -18?
-23
((24 - 17) + -2 - 5)